{"id":3975,"date":"2025-12-19T20:39:34","date_gmt":"2025-12-19T20:39:34","guid":{"rendered":"https:\/\/cms.bravobusinessmedia.com\/espace\/?page_id=3975"},"modified":"2026-02-18T15:03:14","modified_gmt":"2026-02-18T15:03:14","slug":"marque-rubinet","status":"publish","type":"page","link":"https:\/\/cms.bravobusinessmedia.com\/espace\/fr\/marque-rubinet\/","title":{"rendered":"Produits de la marque Rubinet"},"content":{"rendered":"\n<div class=\"wp-block-group container\"><div class=\"wp-block-group__inner-container is-layout-constrained wp-block-group-is-layout-constrained\">\n<div class=\"wp-block-columns are-vertically-aligned-center py-5 is-layout-flex wp-container-core-columns-is-layout-9d6595d7 wp-block-columns-is-layout-flex\">\n<div class=\"wp-block-column is-layout-flow wp-block-column-is-layout-flow\">\n<figure role=\"none\" class=\"wp-block-image size-full img-fluid shadow-sm mb-3 mb-lg-0\"><img decoding=\"async\" src=\"https:\/\/cms.bravobusinessmedia.com\/espace\/wp-content\/uploads\/sites\/14\/2025\/12\/RUBINET.jpg\" alt=\"Produits Rubinet\" \/><\/figure>\n<\/div>\n\n\n\n<div class=\"wp-block-column pl-lg-5 is-layout-flow wp-block-column-is-layout-flow\">\n<h1 class=\"wp-block-heading text-primary mb-4\" id=\"h-produits-de-la-marque-rubinet\">Produits de la marque Rubinet<\/h1>\n\n\n\n<p class=\"mb-3\">Depuis 1982, Rubinet propose des robinets et accessoires haut de gamme, con\u00e7us pour s\u2019adapter \u00e0 une grande vari\u00e9t\u00e9 de styles. Chaque produit est soigneusement fini pour offrir un rendu \u00e9l\u00e9gant et intemporel.<\/p>\n\n\n\n<p class=\"mb-3\">Rubinet se distingue par la richesse de ses finis disponibles, permettant une personnalisation compl\u00e8te selon vos pr\u00e9f\u00e9rences.<\/p>\n\n\n\n<p class=\"mb3\"><strong>Pour obtenir plus d\u2019informations sur les produits Rubinet (prix, finis, dimensions, etc.), n\u2019h\u00e9sitez pas \u00e0 communiquer avec un conseiller. Il pourra vous guider selon vos besoins.<\/strong><\/p>\n<\/div>\n<\/div>\n<\/div><\/div>\n","protected":false},"excerpt":{"rendered":"<p>Produits de la marque Rubinet Depuis 1982, Rubinet propose des robinets et accessoires haut de gamme, con\u00e7us pour s\u2019adapter \u00e0 une grande vari\u00e9t\u00e9 de styles. Chaque produit est soigneusement fini pour offrir un rendu \u00e9l\u00e9gant et intemporel. Rubinet se distingue par la richesse de ses finis disponibles, permettant une personnalisation compl\u00e8te selon vos pr\u00e9f\u00e9rences. Pour [&hellip;]<\/p>\n","protected":false},"author":22,"featured_media":0,"parent":0,"menu_order":0,"comment_status":"closed","ping_status":"closed","template":"","meta":{"_acf_changed":false,"footnotes":""},"class_list":["post-3975","page","type-page","status-publish","hentry"],"acf":{"seo_keywords":""},"yoast_head":"<!-- This site is optimized with the Yoast SEO Premium plugin v25.4 (Yoast SEO v27.3) - https:\/\/yoast.com\/product\/yoast-seo-premium-wordpress\/ -->\n<title>\u00c0 propos<\/title>\n<meta name=\"description\" content=\"Produits de plomberie de la marque Rubinet, chez Espace Plomberium.\" \/>\n<meta name=\"robots\" content=\"index, follow, max-snippet:-1, max-image-preview:large, max-video-preview:-1\" \/>\n<link rel=\"canonical\" href=\"https:\/\/cms.bravobusinessmedia.com\/espace\/fr\/marque-rubinet\/\" \/>\n<meta property=\"og:locale\" content=\"en_US\" \/>\n<meta property=\"og:type\" content=\"article\" \/>\n<meta property=\"og:title\" content=\"Produits de la marque Rubinet\" \/>\n<meta property=\"og:description\" content=\"Produits de plomberie de la marque Rubinet, chez Espace Plomberium.\" \/>\n<meta property=\"og:url\" content=\"https:\/\/cms.bravobusinessmedia.com\/espace\/fr\/marque-rubinet\/\" \/>\n<meta property=\"og:site_name\" content=\"Espace Plomberium\" \/>\n<meta property=\"article:modified_time\" content=\"2026-02-18T15:03:14+00:00\" \/>\n<meta property=\"og:image\" content=\"https:\/\/cms.bravobusinessmedia.com\/espace\/wp-content\/uploads\/sites\/14\/2025\/12\/RUBINET.jpg\" \/>\n<meta name=\"twitter:card\" content=\"summary_large_image\" \/>\n<meta name=\"twitter:label1\" content=\"Est. reading time\" \/>\n\t<meta name=\"twitter:data1\" content=\"1 minute\" \/>\n<script type=\"application\/ld+json\" class=\"yoast-schema-graph\">{\"@context\":\"https:\\\/\\\/schema.org\",\"@graph\":[{\"@type\":\"WebPage\",\"@id\":\"https:\\\/\\\/cms.bravobusinessmedia.com\\\/espace\\\/fr\\\/marque-rubinet\\\/\",\"url\":\"https:\\\/\\\/cms.bravobusinessmedia.com\\\/espace\\\/fr\\\/marque-rubinet\\\/\",\"name\":\"\u00c0 propos\",\"isPartOf\":{\"@id\":\"https:\\\/\\\/cms.bravobusinessmedia.com\\\/espace\\\/#website\"},\"primaryImageOfPage\":{\"@id\":\"https:\\\/\\\/cms.bravobusinessmedia.com\\\/espace\\\/fr\\\/marque-rubinet\\\/#primaryimage\"},\"image\":{\"@id\":\"https:\\\/\\\/cms.bravobusinessmedia.com\\\/espace\\\/fr\\\/marque-rubinet\\\/#primaryimage\"},\"thumbnailUrl\":\"https:\\\/\\\/cms.bravobusinessmedia.com\\\/espace\\\/wp-content\\\/uploads\\\/sites\\\/14\\\/2025\\\/12\\\/RUBINET.jpg\",\"datePublished\":\"2025-12-19T20:39:34+00:00\",\"dateModified\":\"2026-02-18T15:03:14+00:00\",\"description\":\"Produits de plomberie de la marque Rubinet, chez Espace Plomberium.\",\"breadcrumb\":{\"@id\":\"https:\\\/\\\/cms.bravobusinessmedia.com\\\/espace\\\/fr\\\/marque-rubinet\\\/#breadcrumb\"},\"inLanguage\":\"en-US\",\"potentialAction\":[{\"@type\":\"ReadAction\",\"target\":[\"https:\\\/\\\/cms.bravobusinessmedia.com\\\/espace\\\/fr\\\/marque-rubinet\\\/\"]}]},{\"@type\":\"ImageObject\",\"inLanguage\":\"en-US\",\"@id\":\"https:\\\/\\\/cms.bravobusinessmedia.com\\\/espace\\\/fr\\\/marque-rubinet\\\/#primaryimage\",\"url\":\"https:\\\/\\\/cms.bravobusinessmedia.com\\\/espace\\\/wp-content\\\/uploads\\\/sites\\\/14\\\/2025\\\/12\\\/RUBINET.jpg\",\"contentUrl\":\"https:\\\/\\\/cms.bravobusinessmedia.com\\\/espace\\\/wp-content\\\/uploads\\\/sites\\\/14\\\/2025\\\/12\\\/RUBINET.jpg\",\"width\":420,\"height\":480,\"caption\":\"Faucet on black background\"},{\"@type\":\"BreadcrumbList\",\"@id\":\"https:\\\/\\\/cms.bravobusinessmedia.com\\\/espace\\\/fr\\\/marque-rubinet\\\/#breadcrumb\",\"itemListElement\":[{\"@type\":\"ListItem\",\"position\":1,\"name\":\"Home\",\"item\":\"https:\\\/\\\/cms.bravobusinessmedia.com\\\/espace\\\/\"},{\"@type\":\"ListItem\",\"position\":2,\"name\":\"Produits de la marque Rubinet\"}]},{\"@type\":\"WebSite\",\"@id\":\"https:\\\/\\\/cms.bravobusinessmedia.com\\\/espace\\\/#website\",\"url\":\"https:\\\/\\\/cms.bravobusinessmedia.com\\\/espace\\\/\",\"name\":\"Espace Plomberium\",\"description\":\"\",\"potentialAction\":[{\"@type\":\"SearchAction\",\"target\":{\"@type\":\"EntryPoint\",\"urlTemplate\":\"https:\\\/\\\/cms.bravobusinessmedia.com\\\/espace\\\/?s={search_term_string}\"},\"query-input\":{\"@type\":\"PropertyValueSpecification\",\"valueRequired\":true,\"valueName\":\"search_term_string\"}}],\"inLanguage\":\"en-US\"}]}<\/script>\n<!-- \/ Yoast SEO Premium plugin. -->","yoast_head_json":{"title":"\u00c0 propos","description":"Produits de plomberie de la marque Rubinet, chez Espace Plomberium.","robots":{"index":"index","follow":"follow","max-snippet":"max-snippet:-1","max-image-preview":"max-image-preview:large","max-video-preview":"max-video-preview:-1"},"canonical":"https:\/\/cms.bravobusinessmedia.com\/espace\/fr\/marque-rubinet\/","og_locale":"en_US","og_type":"article","og_title":"Produits de la marque Rubinet","og_description":"Produits de plomberie de la marque Rubinet, chez Espace Plomberium.","og_url":"https:\/\/cms.bravobusinessmedia.com\/espace\/fr\/marque-rubinet\/","og_site_name":"Espace Plomberium","article_modified_time":"2026-02-18T15:03:14+00:00","og_image":[{"url":"https:\/\/cms.bravobusinessmedia.com\/espace\/wp-content\/uploads\/sites\/14\/2025\/12\/RUBINET.jpg","type":"","width":"","height":""}],"twitter_card":"summary_large_image","twitter_misc":{"Est. reading time":"1 minute"},"schema":{"@context":"https:\/\/schema.org","@graph":[{"@type":"WebPage","@id":"https:\/\/cms.bravobusinessmedia.com\/espace\/fr\/marque-rubinet\/","url":"https:\/\/cms.bravobusinessmedia.com\/espace\/fr\/marque-rubinet\/","name":"\u00c0 propos","isPartOf":{"@id":"https:\/\/cms.bravobusinessmedia.com\/espace\/#website"},"primaryImageOfPage":{"@id":"https:\/\/cms.bravobusinessmedia.com\/espace\/fr\/marque-rubinet\/#primaryimage"},"image":{"@id":"https:\/\/cms.bravobusinessmedia.com\/espace\/fr\/marque-rubinet\/#primaryimage"},"thumbnailUrl":"https:\/\/cms.bravobusinessmedia.com\/espace\/wp-content\/uploads\/sites\/14\/2025\/12\/RUBINET.jpg","datePublished":"2025-12-19T20:39:34+00:00","dateModified":"2026-02-18T15:03:14+00:00","description":"Produits de plomberie de la marque Rubinet, chez Espace Plomberium.","breadcrumb":{"@id":"https:\/\/cms.bravobusinessmedia.com\/espace\/fr\/marque-rubinet\/#breadcrumb"},"inLanguage":"en-US","potentialAction":[{"@type":"ReadAction","target":["https:\/\/cms.bravobusinessmedia.com\/espace\/fr\/marque-rubinet\/"]}]},{"@type":"ImageObject","inLanguage":"en-US","@id":"https:\/\/cms.bravobusinessmedia.com\/espace\/fr\/marque-rubinet\/#primaryimage","url":"https:\/\/cms.bravobusinessmedia.com\/espace\/wp-content\/uploads\/sites\/14\/2025\/12\/RUBINET.jpg","contentUrl":"https:\/\/cms.bravobusinessmedia.com\/espace\/wp-content\/uploads\/sites\/14\/2025\/12\/RUBINET.jpg","width":420,"height":480,"caption":"Faucet on black background"},{"@type":"BreadcrumbList","@id":"https:\/\/cms.bravobusinessmedia.com\/espace\/fr\/marque-rubinet\/#breadcrumb","itemListElement":[{"@type":"ListItem","position":1,"name":"Home","item":"https:\/\/cms.bravobusinessmedia.com\/espace\/"},{"@type":"ListItem","position":2,"name":"Produits de la marque Rubinet"}]},{"@type":"WebSite","@id":"https:\/\/cms.bravobusinessmedia.com\/espace\/#website","url":"https:\/\/cms.bravobusinessmedia.com\/espace\/","name":"Espace Plomberium","description":"","potentialAction":[{"@type":"SearchAction","target":{"@type":"EntryPoint","urlTemplate":"https:\/\/cms.bravobusinessmedia.com\/espace\/?s={search_term_string}"},"query-input":{"@type":"PropertyValueSpecification","valueRequired":true,"valueName":"search_term_string"}}],"inLanguage":"en-US"}]}},"lang":"fr","translations":{"fr":3975},"pll_sync_post":[],"_links":{"self":[{"href":"https:\/\/cms.bravobusinessmedia.com\/espace\/wp-json\/wp\/v2\/pages\/3975","targetHints":{"allow":["GET"]}}],"collection":[{"href":"https:\/\/cms.bravobusinessmedia.com\/espace\/wp-json\/wp\/v2\/pages"}],"about":[{"href":"https:\/\/cms.bravobusinessmedia.com\/espace\/wp-json\/wp\/v2\/types\/page"}],"author":[{"embeddable":true,"href":"https:\/\/cms.bravobusinessmedia.com\/espace\/wp-json\/wp\/v2\/users\/22"}],"replies":[{"embeddable":true,"href":"https:\/\/cms.bravobusinessmedia.com\/espace\/wp-json\/wp\/v2\/comments?post=3975"}],"version-history":[{"count":10,"href":"https:\/\/cms.bravobusinessmedia.com\/espace\/wp-json\/wp\/v2\/pages\/3975\/revisions"}],"predecessor-version":[{"id":4232,"href":"https:\/\/cms.bravobusinessmedia.com\/espace\/wp-json\/wp\/v2\/pages\/3975\/revisions\/4232"}],"wp:attachment":[{"href":"https:\/\/cms.bravobusinessmedia.com\/espace\/wp-json\/wp\/v2\/media?parent=3975"}],"curies":[{"name":"wp","href":"https:\/\/api.w.org\/{rel}","templated":true}]}}